culate the remainder when 139 is divided by q.
65
Let o be (-1 + 3/(-1))*10/4. Let m = 28 + o. Suppose 3*r + 4*q + q = 104, q = -2*r + 67. Calculate the remainder when r is divided by m.
15
Let r = 27 - 10. Let n = 1634 - 1519. What is the remainder when n is divided by r?
13
Let q(s) = 10*s - 86. What is the remainder when 104 is divided by q(14)?
50
Suppose 0 = 3*u - 4*u + 3*d + 8, -2*d + 12 = -5*u. Calculate the remainder when u/10 - (-3 + 192/(-5)) is divided by 6.
5
Let z be 148*(-3 - 8/(-4)). Let b = -75 - z. Suppose -5*h + 2*f + b = -0*f, 0 = 4*h - 2*f - 60. Calculate the remainder when 49 is divided by h.
10
Suppose 3*w + 241 = 3*h - 74, -4*h + 5*w = -418. What is the remainder when h is divided by 47?
13
Suppose 0 = 5*b - 730 + 180. What is the remainder when b is divided by 103?
7
Let y = 110 + -62. Calculate the remainder when 62/((-24)/56 - 46/(-42)) is divided by y.
45
Let r = -213 - -237. What is the remainder when 40 is divided by r?
16
Suppose -2*z + 3*m - 126 = 0, 2*z - 10 = -4*m - 122. Let j = z - -71. What is the remainder when 18 is divided by j?
7
Suppose 4*w - 5*o = 1191, 4*o + 8 = -4. Calculate the remainder when w is divided by 59.
58
What is the remainder when 26 + 781 + -1 + 6 - 5 is divided by 18?
15
Suppose -120 = r + 4*r. Let z = r + 24. Suppose 0*a - 48 = -5*x - 4*a, 3*a + 9 = z. Calculate the remainder when 33 is divided by x.
9
Suppose 0*a = -a. Suppose u - 22 = -a*u. Suppose 3*j - 2*k - 262 = 0, -3*k - 5 + 171 = 2*j. What is the remainder when j is divided by u?
20
Let y(i) = -3*i - i**3 - 6 - 3 - 2 - 8*i**2. Let b be y(-8). Suppose 3*q - 41 = b. What is the remainder when q is divided by 7?
4
Let c(n) = 14*n + 4. Suppose -1424 = -32*w + 1360. Calculate the remainder when w is divided by c(3).
41
Let r = 3350 - 3103. Calculate the remainder when r is divided by 119.
9
Let q be (41/(-4))/((-3)/(-12)). Let x = -27 - q. Calculate the remainder when 40 is divided by x.
12
Let m(z) = 28*z**2 - 65*z + 11. Calculate the remainder when m(6) is divided by 10.
9
Suppose 8 = -2*t - 3*u, -2*t - 36 = u - 5*u. What is the remainder when 6 is divided by (15/(-6) - -3) + (-35)/t?
2
Suppose 5*f = 5*l + 340, -5 = 5*l - 10*l. Suppose f - 4 = 5*u. What is the remainder when 1/((-1)/(-10))*5 is divided by u?
11
Suppose 36*v = 34*v + 2, 2*k = 3*v + 27. Calculate the remainder when 178 is divided by k.
13
Let j(u) = -4*u**3 + 4*u**2 + 6*u + 1. Let v(n) = 11*n**3 - 12*n**2 - 17*n - 3. Let d(c) = -8*j(c) - 3*v(c). What is the remainder when 44 is divided by d(4)?
5
Let h(l) = l**2 - 21*l + 24. Let z be h(22). Calculate the remainder when 9 is divided by 2/8 + z/8.
3
Suppose 2*z = 3*k + 172, -3*z + 158 = -3*k - 103. Calculate the remainder when z is divided by 31.
27
Suppose 266 = 4*p - 254. Let x = p + -115. Calculate the remainder when 39 is divided by x.
9
Let u(p) = p**3 - 17*p**2 - 15*p + 3. Let q be u(18). Let g = 101 - q. What is the remainder when g is divided by 13?
5
Let h = -152 - -102. Suppose 0 = 8*l + 8*l + 400. Let f = l - h. Calculate the remainder when 47 is divided by f.
22
Let z = -31 - -47. Let y = -14 + z. Suppose 0*p = -y*p + 44. What is the remainder when p is divided by 8?
6
Suppose 0 = 2*m - 11 - 11. What is the remainder when (4 - 1)/((-4)/(-52)) is divided by m?
6
Suppose 0 = -4*s - 20, -2*z - 44*s + 48*s + 144 = 0. Calculate the remainder when z is divided by 32.
30
Calculate the remainder when 16 is divided by -2 - ((-26)/4 - 10/20).
1
Calculate the remainder when 89 is divided by 810/35 - (3 - 60/21).
20
Let i be (1/(-2))/(2/64). Let n(s) = 13*s + 86. Let f be n(-7). Let p = f - i. What is the remainder when 41 is divided by p?
8
Let u be 1/(-4 - 121/(-30)). Suppose 2*h = -s + 20, 3*s + h - 30 = u. Calculate the remainder when 137 is divided by s.
17
Let n be (-30)/(-4) + 1/2. Let g be -2*2*(-108)/n. Suppose 0 = 2*b - 0*b - g. What is the remainder when b is divided by 15?
12
Suppose -3*y - 6 = 0, -4*m - 4*y = m - 252. Let f = -18 + m. What is the remainder when f is divided by 13?
8
Let b(k) = k**2 + 65*k + 545. Suppose -2*m + 95 + 73 = -2*p, -3*m + p + 244 = 0. Calculate the remainder when m is divided by b(-56).
39
Suppose q - 192 = -5*q. Calculate the remainder when 95 is divided by q.
31
Let n(d) = 2*d - 10. Let t be n(6). Suppose -5*g + 120 = -2*z, -g = z + t - 33. Calculate the remainder when 50 is divided by g.
24
Let d(p) = p**3 + 16*p**2 + 41*p + 42. What is the remainder when d(-12) is divided by 69?
57
Suppose 3 + 9 = 3*u. Suppose 63 = u*b + 5*b. Let d(a) = 39*a. What is the remainder when d(1) is divided by b?
4
Let x(y) = -y**2 + 4*y + 6. Let c be x(0). What is the remainder when 6 + 389/c + 2/12 is divided by 18?
17
Suppose -6*v + 100 = -4*v. Calculate the remainder when 89 is divided by v.
39
Let r(z) = z**3 + 9*z**2 + 6*z - 11. Let a be r(-8). Suppose -a*b - 18 = -48. Calculate the remainder when 21 is divided by b.
3
Let w = 62 - 21. Let f = w - 11. Let r = f + -20. Calculate the remainder when 17 is divided by r.
7
Suppose -264 = -28*r - 16*r. What is the remainder when 112 is divided by r?
4
What is the remainder when (-2)/24 + (-6697)/(-444) is divided by ((-2)/(-2) + 7)*1?
7
Let u = -128 + 132. What is the remainder when (-7)/u*96/(-1 + -2) is divided by 15?
11
Let a = 1881 + -1827. Calculate the remainder when 63 is divided by a.
9
Let c = -5 + 8. Let x(i) = 5*i**3 + 6*i**2 + i - 9*i**c - 1 + 12 + 5*i**3. What is the remainder when x(-5) is divided by 16?
15
Let u = -3095 + 3151. Calculate the remainder when u is divided by 4.
0
Let y(i) = 4*i - 37. Calculate the remainder when y(14) is divided by 74/6 - -5*(-5)/75.
7
Let l be 0 + 6/3 + -79. Suppose 9*y = 6*y + 48. What is the remainder when (-4711)/l - (-4)/(-22) is divided by y?
13
Suppose -b + 4 = -8. Let m = -197 - -204. Calculate the remainder when b is divided by m.
5
Let b = 873 + -794. Calculate the remainder when 220 is divided by b.
62
Let c(t) = -t**2 - 10*t + 17. What is the remainder when 230 is divided by c(-9)?
22
Suppose -4*a + 696 = 228. Let q = a + -75. What is the remainder when 125 is divided by q?
41
Suppose -p = -2*i - 38, 4*i + 5*p + 47 = -57. Suppose -4*h - 14 = 2*y, 2*y - 3*h + 7 = -0*h. Let a = y - i. What is the remainder when 28 is divided by a?
12
Let r = -4 - -8. Let s(z) = z**3 + 16*z**2 - 17*z + 19. Suppose -4*w - 5 = 5*k + 43, 3*w + 43 = -2*k. Calculate the remainder when s(w) is divided by r.
3
Let w be 6 - (5 + -6)/(2/(-6)). Suppose -3*t + 4*z + 93 = z, -5*z = w*t - 85. What is the remainder when 55 is divided by t?
25
Let h(t) = t**3 - 3*t**2 - 17*t - 9. Let x be h(8). Let l = x - 80. What is the remainder when l is divided by 48?
47
Suppose 3*k + 25 = 13, -3*k = 5*y - 98. Calculate the remainder when 811 is divided by y.
19
Calculate the remainder when 347 is divided by 126/5 - (16/(-4))/(-20).
22
What is the remainder when 15363/243 + (-2)/9 is divided by 33?
30
Let v = 1203 - 1029. What is the remainder when v is divided by 5?
4
Suppose -4*h + 40 = -4*n, 2*n = h - 4*h + 10. Suppose -j = -3*j - h. Calculate the remainder when (118/(-3))/(2/j) is divided by 15.
14
Let l = 2948 + -1375. Calculate the remainder when l is divided by 19.
15
Let g be (8/5)/((-6)/60). Let s = 26 + g. Suppose 0 = -79*a + 77*a + 76. Calculate the remainder when a is divided by s.
8
Let x(u) = 4*u - 11. Suppose -5*h = -7*h + 20. Let g be x(h). Let l = 41 - g. What is the remainder when 22 is divided by l?
10
Let k(b) = b**3 - 9*b**2 - b + 10. Let t = -22 + 31. Calculate the remainder when 1*3*(-2 + (-7 - -10)) is divided by k(t).
0
Suppose -4*x + 9*x - 4*m = -4, 0 = -3*x - 4*m + 4. Suppose -5*r - 12 = 3*o - 130, 3*r - 5*o - 64 = x. What is the remainder when 45 is divided by r?
22
Let t be -4 + 3/(-9)*3. Let m(l) = -l + 5. What is the remainder when 16 is divided by m(t)?
6
Suppose 0 = 3*s - 10 - 29. Let b = 21 - s. Calculate the remainder when (1512/270)/((-4)/(-10)) is divided by b.
6
Suppose 4*i - 198 = 398. What is the remainder when i is divided by 44?
17
Let b(q) = -q**2 - 1 + 1 - 7*q - 3. Let y = -25 - -20. Calculate the remainder when 13 is divided by b(y).
6
Suppose -24*u - 7161 + 28689 = 0. Calculate the remainder when u is divided by 45.
42
Let j(g) = 15*g**2 - 4 + 3*g**3 + 4*g**3 - 9 - 17*g - 6*g**3. Calcul